{"id":18894,"date":"2024-07-14T13:01:46","date_gmt":"2024-07-14T13:01:46","guid":{"rendered":"https:\/\/www.lalethermos.com\/?post_type=product&#038;p=18894"},"modified":"2025-11-18T13:22:21","modified_gmt":"2025-11-18T13:22:21","slug":"actbl-rec-t","status":"publish","type":"product","link":"https:\/\/lalethermos.com\/tr\/urun\/actbl-rec-t\/","title":{"rendered":"ACTBL-REC-T"},"content":{"rendered":"<p data-start=\"1027\" data-end=\"1081\"><strong data-start=\"1027\" data-end=\"1079\">Akrilik Sehpa Seti \u2013 Tayvan \u00dcretimi \u00dcst\u00fcn Kalite<\/strong><\/p>\n<ul data-start=\"1082\" data-end=\"1447\">\n<li data-start=\"1082\" data-end=\"1169\">\n<p data-start=\"1084\" data-end=\"1169\">Set, <strong data-start=\"1089\" data-end=\"1118\">farkl\u0131 \u015fekillerde 4 sehpa<\/strong> + kolay katlan\u0131p saklanabilen \u00f6zel stand i\u00e7erir.<\/p>\n<\/li>\n<li data-start=\"1170\" data-end=\"1224\">\n<p data-start=\"1172\" data-end=\"1224\"><strong data-start=\"1172\" data-end=\"1208\">8 mm kal\u0131nl\u0131\u011f\u0131nda saf akrilikten<\/strong> \u00fcretilmi\u015ftir.<\/p>\n<\/li>\n<li data-start=\"1225\" data-end=\"1278\">\n<p data-start=\"1227\" data-end=\"1278\">Dayan\u0131kl\u0131, \u015feffaf ve zarif bir g\u00f6r\u00fcn\u00fcme sahiptir.<\/p>\n<\/li>\n<li data-start=\"1279\" data-end=\"1334\">\n<p data-start=\"1281\" data-end=\"1334\">Katlanabilir yap\u0131s\u0131 sayesinde yer tasarrufu sa\u011flar.<\/p>\n<\/li>\n<li data-start=\"1335\" data-end=\"1387\">\n<p data-start=\"1337\" data-end=\"1387\">Ev, ofis veya davetlerde kullan\u0131m i\u00e7in idealdir.<\/p>\n<\/li>\n<li data-start=\"1388\" data-end=\"1447\">\n<p data-start=\"1390\" data-end=\"1447\"><strong data-start=\"1390\" data-end=\"1425\">Tayvan\u2019\u0131n \u00fcst\u00fcn \u00fcretim kalitesi<\/strong> ile uzun \u00f6m\u00fcrl\u00fcd\u00fcr.<\/p>\n<\/li>\n<\/ul>\n","protected":false},"excerpt":{"rendered":"<p data-start=\"422\" data-end=\"574\">Katlama stand\u0131 ile birlikte gelen \u015f\u0131k akrilik sehpalar, <strong data-start=\"502\" data-end=\"538\">8 mm saf akrilikten \u00fcretilmi\u015ftir<\/strong>. <strong data-start=\"540\" data-end=\"571\">Tayvan \u00fcretimi \u00fcst\u00fcn kalite<\/strong>.<\/p>\n<p data-start=\"422\" data-end=\"574\">\n","protected":false},"featured_media":18856,"comment_status":"closed","ping_status":"closed","template":"","meta":[],"product_brand":[],"product_cat":[122],"product_tag":[],"class_list":{"0":"post-18894","1":"product","2":"type-product","3":"status-publish","4":"has-post-thumbnail","6":"product_cat-besan","8":"first","9":"instock","10":"taxable","11":"shipping-taxable","12":"purchasable","13":"product-type-variable"},"_links":{"self":[{"href":"https:\/\/lalethermos.com\/tr\/wp-json\/wp\/v2\/product\/18894","targetHints":{"allow":["GET"]}}],"collection":[{"href":"https:\/\/lalethermos.com\/tr\/wp-json\/wp\/v2\/product"}],"about":[{"href":"https:\/\/lalethermos.com\/tr\/wp-json\/wp\/v2\/types\/product"}],"replies":[{"embeddable":true,"href":"https:\/\/lalethermos.com\/tr\/wp-json\/wp\/v2\/comments?post=18894"}],"version-history":[{"count":4,"href":"https:\/\/lalethermos.com\/tr\/wp-json\/wp\/v2\/product\/18894\/revisions"}],"predecessor-version":[{"id":18900,"href":"https:\/\/lalethermos.com\/tr\/wp-json\/wp\/v2\/product\/18894\/revisions\/18900"}],"wp:featuredmedia":[{"embeddable":true,"href":"https:\/\/lalethermos.com\/tr\/wp-json\/wp\/v2\/media\/18856"}],"wp:attachment":[{"href":"https:\/\/lalethermos.com\/tr\/wp-json\/wp\/v2\/media?parent=18894"}],"wp:term":[{"taxonomy":"product_brand","embeddable":true,"href":"https:\/\/lalethermos.com\/tr\/wp-json\/wp\/v2\/product_brand?post=18894"},{"taxonomy":"product_cat","embeddable":true,"href":"https:\/\/lalethermos.com\/tr\/wp-json\/wp\/v2\/product_cat?post=18894"},{"taxonomy":"product_tag","embeddable":true,"href":"https:\/\/lalethermos.com\/tr\/wp-json\/wp\/v2\/product_tag?post=18894"}],"curies":[{"name":"wp","href":"https:\/\/api.w.org\/{rel}","templated":true}]}}

<p data-start="1027" data-end="1081"><strong data-start="1027" data-end="1079">Akrilik Sehpa Seti – Tayvan Üretimi Üstün Kalite</strong></p>
<ul data-start="1082" data-end="1447">
<li data-start="1082" data-end="1169">
<p data-start="1084" data-end="1169">Set, <strong data-start="1089" data-end="1118">farklı şekillerde 4 sehpa</strong> + kolay katlanıp saklanabilen özel stand içerir.</p>
</li>
<li data-start="1170" data-end="1224">
<p data-start="1172" data-end="1224"><strong data-start="1172" data-end="1208">8 mm kalınlığında saf akrilikten</strong> üretilmiştir.</p>
</li>
<li data-start="1225" data-end="1278">
<p data-start="1227" data-end="1278">Dayanıklı, şeffaf ve zarif bir görünüme sahiptir.</p>
</li>
<li data-start="1279" data-end="1334">
<p data-start="1281" data-end="1334">Katlanabilir yapısı sayesinde yer tasarrufu sağlar.</p>
</li>
<li data-start="1335" data-end="1387">
<p data-start="1337" data-end="1387">Ev, ofis veya davetlerde kullanım için idealdir.</p>
</li>
<li data-start="1388" data-end="1447">
<p data-start="1390" data-end="1447"><strong data-start="1390" data-end="1425">Tayvan’ın üstün üretim kalitesi</strong> ile uzun ömürlüdür.</p>
</li>
</ul>

<p data-start="422" data-end="574">Katlama standı ile birlikte gelen şık akrilik sehpalar, <strong data-start="502" data-end="538">8 mm saf akrilikten üretilmiştir</strong>. <strong data-start="540" data-end="571">Tayvan üretimi üstün kalite</strong>.</p>
<p data-start="422" data-end="574">
