{"id":19289,"date":"2024-07-14T12:05:41","date_gmt":"2024-07-14T12:05:41","guid":{"rendered":"https:\/\/lalethermos.com\/?post_type=product&#038;p=19289"},"modified":"2025-11-18T13:25:03","modified_gmt":"2025-11-18T13:25:03","slug":"ac-chs-rd-sm-%d9%86%d8%b3%d8%ae%d8%a9","status":"publish","type":"product","link":"https:\/\/lalethermos.com\/tr\/urun\/ac-chs-rd-sm-%d9%86%d8%b3%d8%ae%d8%a9\/","title":{"rendered":"AC-CHS-SQ-SM"},"content":{"rendered":"<p data-start=\"1456\" data-end=\"1553\">Misafirlerinize zarafet kat\u0131n; <strong data-start=\"1501\" data-end=\"1550\">y\u00fcksek kaliteli \u015feffaf akrilik tabaklar\u0131m\u0131zla<\/strong>:<\/p>\n<ul data-start=\"1554\" data-end=\"1875\">\n<li data-start=\"1554\" data-end=\"1634\">\n<p data-start=\"1556\" data-end=\"1634\"><strong data-start=\"1556\" data-end=\"1592\">Saf ve \u00fcst\u00fcn kaliteli akrilikten<\/strong> \u00fcretilmi\u015ftir, kristal parlakl\u0131k sa\u011flar.<\/p>\n<\/li>\n<li data-start=\"1635\" data-end=\"1703\">\n<p data-start=\"1637\" data-end=\"1703\"><strong data-start=\"1637\" data-end=\"1658\">Farkl\u0131 \u015fekillerde<\/strong> mevcuttur, \u00e7e\u015fitli ikramlar i\u00e7in uygundur.<\/p>\n<\/li>\n<li data-start=\"1704\" data-end=\"1752\">\n<p data-start=\"1706\" data-end=\"1752\">Hafif ama dayan\u0131kl\u0131, g\u00fcnl\u00fck kullan\u0131ma uygun.<\/p>\n<\/li>\n<li data-start=\"1753\" data-end=\"1814\">\n<p data-start=\"1755\" data-end=\"1814\">Tatl\u0131, meyve, kuruyemi\u015f veya \u00f6zel ikramlar i\u00e7in idealdir.<\/p>\n<\/li>\n<li data-start=\"1815\" data-end=\"1875\">\n<p data-start=\"1817\" data-end=\"1875\">Modern tasar\u0131m\u0131yla hem pratik hem \u015f\u0131k bir g\u00f6r\u00fcn\u00fcm sunar.<\/p>\n<\/li>\n<\/ul>\n","protected":false},"excerpt":{"rendered":"<p>Saf akrilikten \u00fcretilmi\u015f y\u00fcksek kaliteli \u015feffaf tabaklar. Zarif ve \u015f\u0131k tasar\u0131m, misafirlik i\u00e7in ideal, farkl\u0131 \u015fekillerde.<\/p>\n","protected":false},"featured_media":19257,"comment_status":"closed","ping_status":"closed","template":"","meta":[],"product_brand":[],"product_cat":[122],"product_tag":[],"class_list":{"0":"post-19289","1":"product","2":"type-product","3":"status-publish","4":"has-post-thumbnail","6":"product_cat-besan","8":"first","9":"instock","10":"taxable","11":"shipping-taxable","12":"purchasable","13":"product-type-variable"},"_links":{"self":[{"href":"https:\/\/lalethermos.com\/tr\/wp-json\/wp\/v2\/product\/19289","targetHints":{"allow":["GET"]}}],"collection":[{"href":"https:\/\/lalethermos.com\/tr\/wp-json\/wp\/v2\/product"}],"about":[{"href":"https:\/\/lalethermos.com\/tr\/wp-json\/wp\/v2\/types\/product"}],"replies":[{"embeddable":true,"href":"https:\/\/lalethermos.com\/tr\/wp-json\/wp\/v2\/comments?post=19289"}],"version-history":[{"count":2,"href":"https:\/\/lalethermos.com\/tr\/wp-json\/wp\/v2\/product\/19289\/revisions"}],"predecessor-version":[{"id":19293,"href":"https:\/\/lalethermos.com\/tr\/wp-json\/wp\/v2\/product\/19289\/revisions\/19293"}],"wp:featuredmedia":[{"embeddable":true,"href":"https:\/\/lalethermos.com\/tr\/wp-json\/wp\/v2\/media\/19257"}],"wp:attachment":[{"href":"https:\/\/lalethermos.com\/tr\/wp-json\/wp\/v2\/media?parent=19289"}],"wp:term":[{"taxonomy":"product_brand","embeddable":true,"href":"https:\/\/lalethermos.com\/tr\/wp-json\/wp\/v2\/product_brand?post=19289"},{"taxonomy":"product_cat","embeddable":true,"href":"https:\/\/lalethermos.com\/tr\/wp-json\/wp\/v2\/product_cat?post=19289"},{"taxonomy":"product_tag","embeddable":true,"href":"https:\/\/lalethermos.com\/tr\/wp-json\/wp\/v2\/product_tag?post=19289"}],"curies":[{"name":"wp","href":"https:\/\/api.w.org\/{rel}","templated":true}]}}

<p data-start="1456" data-end="1553">Misafirlerinize zarafet katın; <strong data-start="1501" data-end="1550">yüksek kaliteli şeffaf akrilik tabaklarımızla</strong>:</p>
<ul data-start="1554" data-end="1875">
<li data-start="1554" data-end="1634">
<p data-start="1556" data-end="1634"><strong data-start="1556" data-end="1592">Saf ve üstün kaliteli akrilikten</strong> üretilmiştir, kristal parlaklık sağlar.</p>
</li>
<li data-start="1635" data-end="1703">
<p data-start="1637" data-end="1703"><strong data-start="1637" data-end="1658">Farklı şekillerde</strong> mevcuttur, çeşitli ikramlar için uygundur.</p>
</li>
<li data-start="1704" data-end="1752">
<p data-start="1706" data-end="1752">Hafif ama dayanıklı, günlük kullanıma uygun.</p>
</li>
<li data-start="1753" data-end="1814">
<p data-start="1755" data-end="1814">Tatlı, meyve, kuruyemiş veya özel ikramlar için idealdir.</p>
</li>
<li data-start="1815" data-end="1875">
<p data-start="1817" data-end="1875">Modern tasarımıyla hem pratik hem şık bir görünüm sunar.</p>
</li>
</ul>

<p>Saf akrilikten üretilmiş yüksek kaliteli şeffaf tabaklar. Zarif ve şık tasarım, misafirlik için ideal, farklı şekillerde.</p>
